{"id":869,"date":"2019-11-29T22:14:45","date_gmt":"2019-11-29T22:14:45","guid":{"rendered":"https:\/\/www.pourtantlavie.org\/?post_type=tribe_events&#038;p=869"},"modified":"2020-01-06T21:45:09","modified_gmt":"2020-01-06T21:45:09","slug":"rdv-groupe-projet-10","status":"publish","type":"tribe_events","link":"https:\/\/www.pourtantlavie.org\/index.php\/evenement\/rdv-groupe-projet-10\/","title":{"rendered":"RDV &#8211; Groupe projet"},"content":{"rendered":"<p><strong>Ordre du jour pour cette fois\u00a0: travailler ensemble \u00e0 nos statuts de Pourtant la vie<\/strong>, afin de les pr\u00e9senter au prochain Conseil d\u2019Administration avant l\u2019AG extraordinaire d\u2019avril. (Ci-joint les actuels datant de la constitution de Pourtant la vie en 2004).<\/p>\n<p><strong>J\u2019ai besoin de vous<\/strong> pour ce travail, qui change un peu de ce que nous faisons d\u2019habitude mais qui est <strong>indispensable comme travail collectif pour jeter les bases de ce que sera notre association \u00e0 partir de 2020.<\/strong><\/p>\n<p>Objectif\u00a0: un syst\u00e8me plus horizontal qui facilite le renouvellement de l\u2019administration associative.<\/p>\n<p><strong>Aussi je vous remercie \u00e0 l\u2019avance d\u2019\u00eatre nombreux \u00e0 cette r\u00e9union du 9 janvier\u00a0!<\/strong><\/p>\n<p><strong>Nous partagerons pour nous soutenir galette et cidre\u00a0!<\/strong><\/p>\n","protected":false},"excerpt":{"rendered":"<p>Ordre du jour pour cette fois\u00a0: travailler ensemble \u00e0 nos statuts de Pourtant la vie, afin de les pr\u00e9senter au prochain Conseil d\u2019Administration avant l\u2019AG extraordinaire d\u2019avril. (Ci-joint les actuels [&hellip;]<\/p>\n","protected":false},"author":1,"featured_media":0,"template":"","meta":{"_tribe_events_status":"","_tribe_events_status_reason":"","footnotes":""},"tags":[40,45,21,30,29,39],"tribe_events_cat":[38],"class_list":["post-869","tribe_events","type-tribe_events","status-publish","hentry","tag-40","tag-45","tag-groupe","tag-interprofessionnelle","tag-journee","tag-projet","tribe_events_cat-atelier-communication-sensibilisation","cat_atelier-communication-sensibilisation"],"_links":{"self":[{"href":"https:\/\/www.pourtantlavie.org\/index.php\/wp-json\/wp\/v2\/tribe_events\/869","targetHints":{"allow":["GET"]}}],"collection":[{"href":"https:\/\/www.pourtantlavie.org\/index.php\/wp-json\/wp\/v2\/tribe_events"}],"about":[{"href":"https:\/\/www.pourtantlavie.org\/index.php\/wp-json\/wp\/v2\/types\/tribe_events"}],"author":[{"embeddable":true,"href":"https:\/\/www.pourtantlavie.org\/index.php\/wp-json\/wp\/v2\/users\/1"}],"version-history":[{"count":2,"href":"https:\/\/www.pourtantlavie.org\/index.php\/wp-json\/wp\/v2\/tribe_events\/869\/revisions"}],"predecessor-version":[{"id":912,"href":"https:\/\/www.pourtantlavie.org\/index.php\/wp-json\/wp\/v2\/tribe_events\/869\/revisions\/912"}],"wp:attachment":[{"href":"https:\/\/www.pourtantlavie.org\/index.php\/wp-json\/wp\/v2\/media?parent=869"}],"wp:term":[{"taxonomy":"post_tag","embeddable":true,"href":"https:\/\/www.pourtantlavie.org\/index.php\/wp-json\/wp\/v2\/tags?post=869"},{"taxonomy":"tribe_events_cat","embeddable":true,"href":"https:\/\/www.pourtantlavie.org\/index.php\/wp-json\/wp\/v2\/tribe_events_cat?post=869"}],"curies":[{"name":"wp","href":"https:\/\/api.w.org\/{rel}","templated":true}]}}

<p><strong>Ordre du jour pour cette fois : travailler ensemble à nos statuts de Pourtant la vie</strong>, afin de les présenter au prochain Conseil d’Administration avant l’AG extraordinaire d’avril. (Ci-joint les actuels datant de la constitution de Pourtant la vie en 2004).</p>
<p><strong>J’ai besoin de vous</strong> pour ce travail, qui change un peu de ce que nous faisons d’habitude mais qui est <strong>indispensable comme travail collectif pour jeter les bases de ce que sera notre association à partir de 2020.</strong></p>
<p>Objectif : un système plus horizontal qui facilite le renouvellement de l’administration associative.</p>
<p><strong>Aussi je vous remercie à l’avance d’être nombreux à cette réunion du 9 janvier !</strong></p>
<p><strong>Nous partagerons pour nous soutenir galette et cidre !</strong></p>

<p>Ordre du jour pour cette fois : travailler ensemble à nos statuts de Pourtant la vie, afin de les présenter au prochain Conseil d’Administration avant l’AG extraordinaire d’avril. (Ci-joint les actuels [&hellip;]</p>
