{"id":1290,"date":"2022-02-27T20:56:13","date_gmt":"2022-02-27T20:56:13","guid":{"rendered":"https:\/\/www.pourtantlavie.org\/?post_type=tribe_events&#038;p=1290"},"modified":"2022-02-27T20:57:12","modified_gmt":"2022-02-27T20:57:12","slug":"rdv-groupe-projet-16","status":"publish","type":"tribe_events","link":"https:\/\/www.pourtantlavie.org\/index.php\/evenement\/rdv-groupe-projet-16\/","title":{"rendered":"RDV \u2013 Groupe projet"},"content":{"rendered":"<p><b>Ordre du jour le 15 mars\u00a0: quels projets pour 2022\u00a0?<\/b><\/p>\n<p>Poursuivre l\u2019aide aux personnes endeuill\u00e9es , proposer de nouveau des \u00ab\u00a0caf\u00e9s mortels\u00a0\u00bb et innover avec d\u2019autres formes \u00ab\u00a0caf\u00e9s-digeo\u00a0\u00bb\u2026\u00a0? Et r\u00e9unir de nouveau le groupe de partage sur l\u2019accompagnement\u2026 proposer autre chose\u00a0?<\/p>\n<p>Voil\u00e0, si donc vous avez envie d\u2019en \u00eatre, voici une rencontre qui promet des \u00e9changes int\u00e9ressants et un petit regain d\u2019enthousiasme\u00a0!<\/p>\n<p><b>SVP si vous pensez \u00e0 une personne ressource qui pourrait se motiver pour contribuer \u00e0 ces projets invitez-la\u00a0!<\/b><\/p>\n<p>\u00c0 bient\u00f4t donc<\/p>\n","protected":false},"excerpt":{"rendered":"<p>Ordre du jour le 15 mars\u00a0: quels projets pour 2022\u00a0? Poursuivre l\u2019aide aux personnes endeuill\u00e9es , proposer de nouveau des \u00ab\u00a0caf\u00e9s mortels\u00a0\u00bb et innover avec d\u2019autres formes \u00ab\u00a0caf\u00e9s-digeo\u00a0\u00bb\u2026\u00a0? Et r\u00e9unir [&hellip;]<\/p>\n","protected":false},"author":1,"featured_media":0,"template":"","meta":{"_tribe_events_status":"","_tribe_events_status_reason":"","footnotes":""},"tags":[45,83,22,89,87,88,21,30,29,47,84,39,70,65],"tribe_events_cat":[38],"class_list":["post-1290","tribe_events","type-tribe_events","status-publish","hentry","tag-45","tag-83","tag-accompagnement","tag-cafes-mortels","tag-cafes-digeio","tag-endeuillees","tag-groupe","tag-interprofessionnelle","tag-journee","tag-personnes","tag-president","tag-projet","tag-reflexions","tag-status","tribe_events_cat-atelier-communication-sensibilisation","cat_atelier-communication-sensibilisation"],"_links":{"self":[{"href":"https:\/\/www.pourtantlavie.org\/index.php\/wp-json\/wp\/v2\/tribe_events\/1290","targetHints":{"allow":["GET"]}}],"collection":[{"href":"https:\/\/www.pourtantlavie.org\/index.php\/wp-json\/wp\/v2\/tribe_events"}],"about":[{"href":"https:\/\/www.pourtantlavie.org\/index.php\/wp-json\/wp\/v2\/types\/tribe_events"}],"author":[{"embeddable":true,"href":"https:\/\/www.pourtantlavie.org\/index.php\/wp-json\/wp\/v2\/users\/1"}],"version-history":[{"count":2,"href":"https:\/\/www.pourtantlavie.org\/index.php\/wp-json\/wp\/v2\/tribe_events\/1290\/revisions"}],"predecessor-version":[{"id":1292,"href":"https:\/\/www.pourtantlavie.org\/index.php\/wp-json\/wp\/v2\/tribe_events\/1290\/revisions\/1292"}],"wp:attachment":[{"href":"https:\/\/www.pourtantlavie.org\/index.php\/wp-json\/wp\/v2\/media?parent=1290"}],"wp:term":[{"taxonomy":"post_tag","embeddable":true,"href":"https:\/\/www.pourtantlavie.org\/index.php\/wp-json\/wp\/v2\/tags?post=1290"},{"taxonomy":"tribe_events_cat","embeddable":true,"href":"https:\/\/www.pourtantlavie.org\/index.php\/wp-json\/wp\/v2\/tribe_events_cat?post=1290"}],"curies":[{"name":"wp","href":"https:\/\/api.w.org\/{rel}","templated":true}]}}

<p><b>Ordre du jour le 15 mars : quels projets pour 2022 ?</b></p>
<p>Poursuivre l’aide aux personnes endeuillées , proposer de nouveau des « cafés mortels » et innover avec d’autres formes « cafés-digeo »… ? Et réunir de nouveau le groupe de partage sur l’accompagnement… proposer autre chose ?</p>
<p>Voilà, si donc vous avez envie d’en être, voici une rencontre qui promet des échanges intéressants et un petit regain d’enthousiasme !</p>
<p><b>SVP si vous pensez à une personne ressource qui pourrait se motiver pour contribuer à ces projets invitez-la !</b></p>
<p>À bientôt donc</p>

<p>Ordre du jour le 15 mars : quels projets pour 2022 ? Poursuivre l’aide aux personnes endeuillées , proposer de nouveau des « cafés mortels » et innover avec d’autres formes « cafés-digeo »… ? Et réunir [&hellip;]</p>
