{"id":1112,"date":"2020-10-08T20:27:09","date_gmt":"2020-10-08T20:27:09","guid":{"rendered":"https:\/\/www.pourtantlavie.org\/?post_type=tribe_events&#038;p=1112"},"modified":"2020-10-08T20:27:09","modified_gmt":"2020-10-08T20:27:09","slug":"1ere-rencontre-du-groupe-dentraide-2020-2021","status":"publish","type":"tribe_events","link":"https:\/\/www.pourtantlavie.org\/index.php\/evenement\/1ere-rencontre-du-groupe-dentraide-2020-2021\/","title":{"rendered":"1\u00e8re rencontre du groupe d\u2019entraide 2020\/2021"},"content":{"rendered":"<div class=\"tribe-events-single-event-description tribe-events-content\">\n<div class=\"tribe-events-single-event-description tribe-events-content\">\n<div class=\"tribe-events-single-event-description tribe-events-content\">\n<p>Rencontre du groupe d\u2019entraide des personnes endeuill\u00e9es.<\/p>\n<p><strong><span style=\"color: #ff0000;\">Rappel<\/span> :<\/strong> Les rencontres auront lieu un mardi par mois de 18h30 \u00e0 20h30. Le groupe se r\u00e9unira 11 fois, la derni\u00e8re s\u00e9ance \u00e9tant pr\u00e9vue le 07 septembre 2021.<\/p>\n<p>Le groupe est maintenant ferm\u00e9, il ne pourra donc plus accueillir de nouvelles personnes.<\/p>\n<p>Toutes informations par t\u00e9l\u00e9phone ou mail: 07 81 74 55 10 \u2013 <a href=\"mailto:pourtantlavie@gmail.com\">pourtantlavie@gmail.com<\/a><\/p>\n<\/div>\n<\/div>\n<\/div>\n","protected":false},"excerpt":{"rendered":"<p>Rencontre du groupe d\u2019entraide des personnes endeuill\u00e9es. Rappel : Les rencontres auront lieu un mardi par mois de 18h30 \u00e0 20h30. Le groupe se r\u00e9unira 11 fois, la derni\u00e8re s\u00e9ance [&hellip;]<\/p>\n","protected":false},"author":1,"featured_media":0,"template":"","meta":{"_tribe_events_status":"","_tribe_events_status_reason":"","footnotes":""},"tags":[69,74,19,46,66,68,76,21,67,75,73],"tribe_events_cat":[37],"class_list":["post-1112","tribe_events","type-tribe_events","status-publish","hentry","tag-animation","tag-covid","tag-deuil","tag-entraide","tag-entretien","tag-equipe","tag-gel","tag-groupe","tag-informations","tag-masque","tag-personnes-site-web","tribe_events_cat-rencontre-du-groupe-dentraide-personnes-endeuillees","cat_rencontre-du-groupe-dentraide-personnes-endeuillees"],"_links":{"self":[{"href":"https:\/\/www.pourtantlavie.org\/index.php\/wp-json\/wp\/v2\/tribe_events\/1112","targetHints":{"allow":["GET"]}}],"collection":[{"href":"https:\/\/www.pourtantlavie.org\/index.php\/wp-json\/wp\/v2\/tribe_events"}],"about":[{"href":"https:\/\/www.pourtantlavie.org\/index.php\/wp-json\/wp\/v2\/types\/tribe_events"}],"author":[{"embeddable":true,"href":"https:\/\/www.pourtantlavie.org\/index.php\/wp-json\/wp\/v2\/users\/1"}],"version-history":[{"count":1,"href":"https:\/\/www.pourtantlavie.org\/index.php\/wp-json\/wp\/v2\/tribe_events\/1112\/revisions"}],"predecessor-version":[{"id":1113,"href":"https:\/\/www.pourtantlavie.org\/index.php\/wp-json\/wp\/v2\/tribe_events\/1112\/revisions\/1113"}],"wp:attachment":[{"href":"https:\/\/www.pourtantlavie.org\/index.php\/wp-json\/wp\/v2\/media?parent=1112"}],"wp:term":[{"taxonomy":"post_tag","embeddable":true,"href":"https:\/\/www.pourtantlavie.org\/index.php\/wp-json\/wp\/v2\/tags?post=1112"},{"taxonomy":"tribe_events_cat","embeddable":true,"href":"https:\/\/www.pourtantlavie.org\/index.php\/wp-json\/wp\/v2\/tribe_events_cat?post=1112"}],"curies":[{"name":"wp","href":"https:\/\/api.w.org\/{rel}","templated":true}]}}

1ère rencontre du groupe d’entraide 2020/2021

<div class="tribe-events-single-event-description tribe-events-content">
<div class="tribe-events-single-event-description tribe-events-content">
<div class="tribe-events-single-event-description tribe-events-content">
<p>Rencontre du groupe d’entraide des personnes endeuillées.</p>
<p><strong><span style="color: #ff0000;">Rappel</span> :</strong> Les rencontres auront lieu un mardi par mois de 18h30 à 20h30. Le groupe se réunira 11 fois, la dernière séance étant prévue le 07 septembre 2021.</p>
<p>Le groupe est maintenant fermé, il ne pourra donc plus accueillir de nouvelles personnes.</p>
<p>Toutes informations par téléphone ou mail: 07 81 74 55 10 – <a href="mailto:pourtantlavie@gmail.com">pourtantlavie@gmail.com</a></p>
</div>
</div>
</div>

<p>Rencontre du groupe d’entraide des personnes endeuillées. Rappel : Les rencontres auront lieu un mardi par mois de 18h30 à 20h30. Le groupe se réunira 11 fois, la dernière séance [&hellip;]</p>
