{"id":1529,"date":"2022-09-15T08:00:10","date_gmt":"2022-09-15T08:00:10","guid":{"rendered":"https:\/\/www.pourtantlavie.org\/?page_id=1529"},"modified":"2022-09-15T08:14:24","modified_gmt":"2022-09-15T08:14:24","slug":"quest-ce-que-la-sfap","status":"publish","type":"page","link":"https:\/\/www.pourtantlavie.org\/index.php\/quest-ce-que-la-sfap\/","title":{"rendered":"Qu&rsquo;est-ce que la SFAP"},"content":{"rendered":"\n\n\n<blockquote class=\"wp-block-quote has-medium-font-size is-layout-flow wp-block-quote-is-layout-flow\"><p>C&rsquo;est la <strong>S<\/strong>oci\u00e9t\u00e9 <strong>F<\/strong>ran\u00e7aise d&rsquo;<strong>A<\/strong>ccompagnement et de soins <strong>P<\/strong>alliatifs, association de la loi 1901 reconnue d&rsquo;utilit\u00e9 publique. C&rsquo;est une soci\u00e9t\u00e9 savante pluridisciplinaire associant professionnels (lib\u00e9raux, hospitaliers, enseignants universitaires) et b\u00e9n\u00e9voles. <\/p><p>Son objectif :<\/p><p>Favoriser le d\u00e9veloppement et l&rsquo;acc\u00e8s au soins palliatifs.<\/p><p>La SFAP f\u00e9d\u00e8re plus de 10 000 soignants et 6000 b\u00e9n\u00e9voles d&rsquo;accompagnement en soins palliatifs.<\/p><p>L&rsquo;association Pourtant la vie a adopt\u00e9 comme valeurs d\u00e8s sa cr\u00e9ation celles de la SFAP.<\/p><\/blockquote>\n\n\n\n<h3>Lien :\u00a0<a href=\"https:\/\/www.sfap.org\" target=\"_blank\" rel=\"noopener\">https:\/\/www.sfap.org<\/a><\/h3>\n","protected":false},"excerpt":{"rendered":"<p>C&rsquo;est la Soci\u00e9t\u00e9 Fran\u00e7aise d&rsquo;Accompagnement et de soins Palliatifs, association de la loi 1901 reconnue d&rsquo;utilit\u00e9 publique. C&rsquo;est une soci\u00e9t\u00e9 savante pluridisciplinaire associant professionnels (lib\u00e9raux, hospitaliers, enseignants universitaires) et b\u00e9n\u00e9voles. [&hellip;]<\/p>\n","protected":false},"author":1,"featured_media":0,"parent":0,"menu_order":0,"comment_status":"open","ping_status":"closed","template":"","meta":{"footnotes":""},"class_list":["post-1529","page","type-page","status-publish","hentry"],"_links":{"self":[{"href":"https:\/\/www.pourtantlavie.org\/index.php\/wp-json\/wp\/v2\/pages\/1529","targetHints":{"allow":["GET"]}}],"collection":[{"href":"https:\/\/www.pourtantlavie.org\/index.php\/wp-json\/wp\/v2\/pages"}],"about":[{"href":"https:\/\/www.pourtantlavie.org\/index.php\/wp-json\/wp\/v2\/types\/page"}],"author":[{"embeddable":true,"href":"https:\/\/www.pourtantlavie.org\/index.php\/wp-json\/wp\/v2\/users\/1"}],"replies":[{"embeddable":true,"href":"https:\/\/www.pourtantlavie.org\/index.php\/wp-json\/wp\/v2\/comments?post=1529"}],"version-history":[{"count":3,"href":"https:\/\/www.pourtantlavie.org\/index.php\/wp-json\/wp\/v2\/pages\/1529\/revisions"}],"predecessor-version":[{"id":1534,"href":"https:\/\/www.pourtantlavie.org\/index.php\/wp-json\/wp\/v2\/pages\/1529\/revisions\/1534"}],"wp:attachment":[{"href":"https:\/\/www.pourtantlavie.org\/index.php\/wp-json\/wp\/v2\/media?parent=1529"}],"curies":[{"name":"wp","href":"https:\/\/api.w.org\/{rel}","templated":true}]}}